usands digit of s?
2
Let u(k) = -21*k**2 - 821*k - 42. What is the hundreds digit of u(-27)?
8
Suppose 55633 = -12*m + 136117. What is the hundreds digit of m?
7
What is the units digit of (-1328186)/(-36) - (-175)/(-3150)?
4
Let h(i) = 7 - 22*i**2 - 11*i + 26 + 23*i**2. What is the units digit of h(4)?
5
Suppose 4*x + 18 = -2*b, -9*b + 23 = -6*b - 4*x. What is the units digit of b/((-6)/2326)*-3?
3
Suppose 2*u - 4*g + 9 = 1, -3*g - 3 = -3*u. What is the tens digit of 107796/260 - 2*u/20?
1
Let p = -6350 - -6578. What is the hundreds digit of p?
2
Let a(f) = -f**2 + 26*f + 4. Let o be a(26). Suppose -v = -4*t - o*v + 1265, -3*t - 3*v = -948. What is the units digit of t?
7
Let s(m) = -2. Let l(t) = -9*t + 30. Let a(v) = -l(v) + 6*s(v). What is the tens digit of a(6)?
1
Let f = -93 + 98. Suppose d - 4*s = 5*d - 1440, -2*d + 729 = f*s. What is the tens digit of d?
5
Suppose 7*z - 6*z = -3*q + 794, 5*z - 538 = -2*q. Suppose 12 = 3*f + f. Suppose -q = -7*b + f*b. What is the tens digit of b?
6
Suppose 6*i - 3 = 27. Let y(v) = i*v + 6 + v**3 + 7*v**2 + 5*v**2 - 4*v**2. What is the units digit of y(-6)?
8
What is the hundreds digit of 14/((-5752)/2878 - -2)?
0
Let y = -49 + 51. Let h be y/((-2)/75) - -5. Let f = 121 + h. What is the units digit of f?
1
Let c = 65 - 142. Suppose 572 = -3*l + 7*l. Let v = l + c. What is the units digit of v?
6
What is the thousands digit of 22416/56*-6*(-35)/20*2?
8
Suppose -2*i + 15451 = 5*y, -20*y + 14 = -22*y. What is the thousands digit of i?
7
Let w be 996*(3/4 + 1). Suppose -2*c + w = 5*c. What is the hundreds digit of c?
2
Suppose 2*u + 86378 = 2*m, -2*m + 3*m = 4*u + 43177. Suppose -20299 - m = -37*l. What is the tens digit of l?
1
Let n be ((-75)/50)/(-1*3/10). Suppose 0 = 2*q + 5*u - 11, 0 = -q + n*u - 9*u + 10. What is the tens digit of (6 + q)*(-1)/(20/(-935))?
8
What is the units digit of 41*(-14)/(-7462) + 535885/13?
2
Let f be ((-7)/(-35))/((-10)/(-100)). Suppose 0 = -2*s + 4*a - 2*a + 192, f*a + 96 = s. What is the units digit of s?
6
Let b be 113/((-125)/(-15) - 8). Let p = -116 + b. What is the units digit of p?
3
What is the units digit of 28364 - 2 - (28/(-154) - 2/(-11))?
2
Let a(i) = 3*i**2 - 198*i + 9329. What is the tens digit of a(59)?
9
Let r = -7706 + 13067. What is the units digit of r?
1
Suppose 13*d - 684 = 9*d. Let n = d + -99. Let q = 78 - n. What is the units digit of q?
6
Suppose -344*o = -353*o + 28890. What is the hundreds digit of o?
2
Let d = 153 - 147. What is the tens digit of (-50)/(-75) + 2642/d?
4
Let t = 5980 - -629. What is the units digit of t?
9
Suppose x + 83*c - 24663 = 81*c, 0 = 3*x + 5*c - 73984. What is the units digit of x?
3
Suppose -1164585 = -98*n + 983869. What is the units digit of n?
3
Suppose 2*a - 5*a + 15 = 0. Let o = 7 + -5. Suppose o*r - 70 = a*n, -r + 40 = 2*n + 14. What is the tens digit of r?
3
Suppose -3*h + 11886 + 2246 = 1925. What is the tens digit of h?
6
Let o(b) be the first derivative of -b**4/4 + 11*b**3/3 - 9*b**2 + 11*b - 23. Let g be o(9). Suppose -i - g*i + 24 = 0. What is the units digit of i?
2
Let i(o) = -1590*o + 1917. What is the units digit of i(-1)?
7
Suppose 5*y + 5*o = -2274 + 16769, -5*y = 4*o - 14498. Suppose -4*d + w = -y, -d + 15*w - 18*w + 732 = 0. What is the hundreds digit of d?
7
Suppose -3*p = 3*o - 6*o + 36, 0 = -5*o - 2*p + 53. Suppose 0 = -7*h + o*h - 12. Suppose -m + 26 = -3*c - 0*c, -h*c = 3. What is the units digit of m?
3
Let n(h) = 90*h**3 + 2*h + 4. Let p be n(-3). Let q = p + 1556. What is the units digit of q/(-24)*4*1?
6
Let w(u) = -10*u - 40. Let h = 53 + -65. What is the units digit of w(h)?
0
Suppose -18*t - 5*t - 10396 = 0. Let b = 902 + t. What is the units digit of b?
0
Suppose -6 = -11*y + 10*y. Suppose -4 = -2*q, 3*v - 3*q + 1 = 2*v. Suppose -i + 37 = m, -3*m - y + 183 = v*i. What is the tens digit of i?
3
Let w(r) = 2*r**2 + 106*r + 1551. What is the thousands digit of w(-60)?
2
Let f(i) = 1024*i**2 + 23*i + 160. What is the hundreds digit of f(-3)?
3
Suppose -29 = -2*x + 47. Suppose 0 = x*f - 21586 - 5318. What is the tens digit of f?
0
Let t(q) = -65*q + 42. Suppose 3*n + k = -0 - 4, 0 = n - 3*k + 18. What is the units digit of t(n)?
7
Let d be ((-90)/40)/((-1)/24). Let k = d + -28. Suppose -k*u + 31*u - 350 = 0. What is the tens digit of u?
7
Let o(g) = -10*g + 10. Let n(t) = -9*t + 10. Let u(i) = -5*n(i) + 6*o(i). Let j be u(8). Let v = 103 - j. What is the units digit of v?
3
Let l(q) = -q**3 + 4*q - 5*q**2 + 10*q - 28 - 8*q**2 - 2*q**2. Let o be l(-16). Suppose u = -o, -2*u = 2*j - 165 - 223. What is the tens digit of j?
9
Suppose 5*a - 688 = -q + 883, -5*q + 7990 = -2*a. Let c = q + -143. What is the thousands digit of c?
1
Suppose -35*q = -36*q + 6. Let j be (2/q)/(9/54). Suppose -364 = -2*t + 5*w, -j*w = -5*t - 5*w + 972. What is the units digit of t?
2
Let k = 4979 + -2315. Suppose -7*m = m - k. What is the hundreds digit of m?
3
Suppose 4*z - 50720 = -2*f + 46300, z - 24254 = -f. What is the tens digit of z?
5
Let a = 43 - -32. Suppose -m - 2*h - 209 = 4*m, 0 = 4*m + 2*h + 168. Let x = a + m. What is the units digit of x?
4
Let f(b) = 2*b**3 + b**2 - 20*b - 80. Let l be f(-6). Let s = l - -787. What is the tens digit of s?
3
Let g(j) = 754*j - 703. What is the thousands digit of g(16)?
1
Let r(a) = 2*a**2 + 15*a - 18. Suppose -8*j - 100 = -4. What is the tens digit of r(j)?
9
Let s(q) = 126*q**3 - 9*q**2 - 15*q - 7. What is the tens digit of s(4)?
5
Let n(p) = 8*p**2 + 17*p - 3. Let j be n(9). Suppose -24*u + j = -18*u. Suppose -2*s = -33 - u. What is the tens digit of s?
8
Suppose -5*p = 4*h - 8*h + 475, -5*p - 450 = h. Let l = 1041 + p. What is the tens digit of l?
5
Suppose 0 = -6*c + 66*c - 398520. What is the thousands digit of c?
6
Let v(z) = 327*z**2 - 55*z + 162. What is the thousands digit of v(4)?
5
Suppose 18184 = 2*k - 5*w, 5*w = 294*k - 296*k + 18144. What is the units digit of k?
2
Let f = 112 + -242. Suppose -16*p + 15*p + 5*x = -181, 0 = 4*p - 4*x - 804. Let g = f + p. What is the tens digit of g?
7
Suppose 295763 - 37150 = 31*t - 38770. What is the hundreds digit of t?
5
Suppose -3*h - 2*p + 28605 = 0, 19070 = -416*h + 418*h - p. What is the tens digit of h?
3
Let z = -40 + 42. Let m(x) = 59*x - 11. Let q be m(z). Suppose -q - 6 = -g. What is the units digit of g?
3
Suppose 0 = -4*o - o + 10, -5*o = -3*i - 76. Let y = i + 488. What is the hundreds digit of y?
4
Let r(k) = -2*k**3 - k**2 + 6*k + 14. Let v(a) = -2*a**3 - 2*a**2 + 5*a + 15. Let t(f) = 6*r(f) - 5*v(f). What is the tens digit of t(-4)?
5
Suppose 6 = 2*s, -3*s + 0*s + 2229 = 5*b. Let i = b + 206. Suppose 2*y - 650 = -3*y - 2*o, -5*y = 5*o - i. What is the tens digit of y?
3
Let z = -180 - -740. Suppose 0 = 25*o - 100 + 25. Suppose -5*x + z = o*x. What is the tens digit of x?
7
Suppose 13*o + 9*o = 345020 + 1457946. What is the ten thousands digit of o?
8
Suppose -221*m = -162*m - 2910175. What is the thousands digit of m?
9
Suppose -2*g + 19 + 26 = 3*q, 0 = -5*q + 5. Suppose 27*d = g*d + 408. What is the units digit of d?
8
Let l be (-34)/119 - -619*6/14. Let z = l - -86. What is the tens digit of z?
5
Let y = -370 + 373. Suppose y*b - 6*b + 819 = -h, 5*b = 3*h + 1365. What is the hundreds digit of b?
2
Let c = 14 - 9. Suppose 0 = -c*a - 3 - 7. What is the tens digit of (175/10 - -6) + a/4?
2
Suppose -4*j + o + 7800 = 5*o, 0 = -o. What is the tens digit of j/2*20/30?
5
Let u be -1*(-3 + 142)*(-7)/7. Suppose u = -m + 1181. What is the thousands digit of m?
1
What is the thousands digit of (-4 + 57643)*2*(-12)/(-72)?
9
Let l = 781 - 293. Suppose 870 = -3*z - 2*n - 2*n, -4*n = -4*z - 1160. Let p = z + l. What is the tens digit of p?
9
Suppose 2*u + 12 = x, 5*x + 2*u - 54 = 6*u. Suppose x*c - 182 = 438. What is the units digit of c?
2
Suppose -8*c = 3*c - 63360. Suppose 4*f - 4*m = c, -5*f + 7230 = -4*m + 5*m. What is the hundreds digit of f?
4
Suppose 0 = 2*g + 315 - 25. Let x be 6*(3/(-2) - -2). What is the units digit of (-1)/2*(g + x)?
1
Let q(a) = 161*a**2 - 128*a + 57. What is the hundreds digit of q(-9)?
2
Let n = -8154 + 23345. What is the ten thousands digit of n?
1
Let a be 831/2*4/(-6). Let u = a - -597. Suppose 196 + u = 6*v. What is the units digit of v?
6
Let y(l) = 300*l**3 + 5*l**2 - 10*l + 21. W